Let p be 4*(-2)/(-8) + -1. Let m(z) = z**2 + z + 135. Let b be m(p). Calculate the greatest common divisor of 15 and b.
15
Let m = -8 - -15. Let u = 20 - 17. Suppose 9 = n + 4*r - 4, -u*r + 12 = 3*n. What is the greatest common factor of n and m?
1
Let m(p) = -p**3 - 8*p**2 - 8*p - 2. Let u be m(-7). Let r = u + -7. Let q be (0 - -1) + (-2 - r). Calculate the highest common divisor of 9 and q.
1
Let w(l) = l**2 - 7*l - 8. Let j be w(8). Let k be (j - 4)*12/(-48). What is the greatest common divisor of k and 8?
1
Suppose 5*a + 8 = -27. Let y = -2 - a. What is the greatest common divisor of 20 and y?
5
Let b(y) = -2*y - 6. Let u be b(-8). Calculate the highest common factor of u and 4.
2
Let p be (-6)/(-42) - (-1468)/14. Calculate the highest common factor of 42 and p.
21
Let x = 95 - 84. Calculate the greatest common divisor of x and 77.
11
Suppose -3*p = 2*p + 2*j - 21, -3*j - 6 = 0. Suppose -p*r + 4 + 1 = 0. Let y be (-55)/(-2*r/2). What is the greatest common factor of 22 and y?
11
Suppose -4*i = -36 + 12. Calculate the greatest common factor of i and 6.
6
Let s(u) = u - 4 + 1 + 5. Let x = 9 - 3. Let m be s(x). What is the highest common divisor of m and 56?
8
Let v(n) = 3*n**2 + 3*n. Let q be v(-6). Let g be (-2 - 0) + q/3. What is the highest common factor of g and 4?
4
Suppose -11 = -3*c + 1. Suppose 5*n - 5*p - 12 = 3, 0 = c*p - 20. Let a be 30/n - 2/(-8). Calculate the greatest common factor of a and 16.
4
Let w be (0 - -1)*(-12)/(-1). Suppose 10 = u + u. Suppose 5*j + m - 4*m = 663, -269 = -2*j + u*m. What is the greatest common divisor of w and j?
12
Let d = 39 + -20. Calculate the greatest common divisor of 152 and d.
19
Let y = -69 - -102. Calculate the highest common divisor of 3 and y.
3
Suppose -3*c = -5*c + 4. Let h be (c + -9)*-1*14. Calculate the highest common factor of h and 14.
14
Suppose 44 + 28 = 6*c. Calculate the highest common factor of 6 and c.
6
Let z be (-2)/10 - 26/(-5). What is the greatest common divisor of z and 5?
5
Let y = -8 + -4. Let w = -10 - y. Calculate the greatest common factor of 18 and w.
2
Let q = -8 - -32. Let z(l) = -l**3 - l**2 + l + 1. Let r be z(-2). Suppose -11 = -r*h + 7. Calculate the highest common factor of q and h.
6
Let j(s) = 33*s**2 + 2*s. Let d be j(-2). Calculate the highest common factor of d and 16.
16
Suppose 0 = -4*r + r + 2*n, -4*r - 4 = -4*n. Let o = r + 25. Let m = 5 + 4. What is the greatest common divisor of m and o?
9
Suppose -3*k + 60 = -3*c, -3*c = -5*k - 69 + 179. Let j(v) = 9*v - 2. Let b be j(3). Calculate the greatest common factor of b and k.
25
Let y be 4*(-3)/(-18) + 231/(-9). Let t(s) = 2*s**2 - s - 1. Let f be t(-4). Let o = y + f. What is the highest common factor of 70 and o?
10
Suppose 5*j + 260 = 5*f, -f + 4 = f. Let i = j - -72. What is the greatest common divisor of i and 154?
22
Let v(f) = -f**2 + 2. Let b be v(0). Calculate the greatest common factor of b and 1.
1
Let s be (-28)/(-3) + 11/(-33). Suppose -5*v - 12 = 13. Let m = -4 - v. What is the greatest common divisor of s and m?
1
Let a(d) = -5*d + 2. Let p be a(-6). Calculate the greatest common factor of p and 16.
16
Suppose -2*c - 17*c + 190 = 0. What is the greatest common divisor of 220 and c?
10
Let i = 36 + -15. Suppose 2*y + k - 5*k - 184 = 0, 0 = -5*y + 2*k + 444. Let g = 235 - y. Calculate the highest common factor of g and i.
21
Let z = 72 - 58. What is the greatest common factor of 14 and z?
14
Let m(a) be the second derivative of 1/2*a**3 - 2*a - 3/2*a**2 + 1/4*a**4 + 0. Let w be m(-3). Calculate the greatest common factor of w and 3.
3
Suppose 8*y - r - 12 = 4*y, -6 = -2*y - 4*r. Calculate the highest common factor of 9 and y.
3
Let r be ((-2)/1)/(9/(-18)). Let j = 257 + -145. Let c be ((-66)/(-8))/(21/j). What is the greatest common factor of c and r?
4
Let v = 5 + -1. Suppose 2*f + 0 = v. What is the greatest common factor of 22 and f?
2
Suppose 0 = 3*x - 470 + 62. What is the highest common factor of 17 and x?
17
Let i = 7 + -5. Let p be 4*(1 + (i - 1)). Let x(s) = 7*s + 3. Let n be x(3). Calculate the highest common divisor of p and n.
8
Let w be (4/(-5))/(7/35). Let j be ((-40)/12)/(w/18). Calculate the greatest common divisor of 15 and j.
15
Suppose 3*g = 27 - 18. What is the highest common factor of g and 24?
3
Suppose -5*f - 7*a = -2*a - 35, -4*f + 43 = -a. Calculate the greatest common factor of 90 and f.
10
Suppose 0 = 4*s - 92 - 248. Suppose q + s = 2*q. What is the highest common divisor of q and 34?
17
Let o = -56 + 104. Calculate the greatest common divisor of o and 12.
12
Let h be 57*6/18 + -5. Calculate the greatest common divisor of h and 7.
7
Suppose -12*f + 33 = -9*f. What is the highest common divisor of 121 and f?
11
Let c be 0/2 - (8 + 33). Let z = c - -76. What is the highest common factor of z and 5?
5
Suppose -45 = 8*a - 17*a. Calculate the highest common divisor of 40 and a.
5
Let k be 3/(-5) + 39/15. Let z be (-3*k)/(2 - 1). Let h = -4 - z. What is the greatest common factor of h and 18?
2
Let j(s) = 22*s. Let m be j(1). Suppose -3*z = y - 7*z - 13, z + m = 4*y. Suppose -y*k + 41 = -24. What is the highest common factor of 39 and k?
13
Let x(t) = -6 + 4*t**2 - 3*t + t**2 + 0*t**3 + t**3 - 3*t. Let w be x(-5). Calculate the greatest common factor of 3 and w.
3
Let j be (-1100)/(-30) - (-4)/(-6). What is the greatest common divisor of j and 9?
9
Suppose n + 4*y = 30, -4*n + 0*y - y = -60. Suppose -25*i = -28*i + 42. What is the highest common factor of n and i?
14
Suppose 54 = 5*s - 1. Let f be (-3)/(675/226 - 3). Suppose 5*b = 3*b - 3*m + 119, f = 4*b + 2*m. Calculate the greatest common divisor of b and s.
11
Let j(d) = 2*d - 3. Let h be j(2). Let t be h*(-8)/6*-3. Calculate the greatest common divisor of 32 and t.
4
Let m(d) = 2*d**2 - 4*d + 3. Let x be m(2). What is the highest common factor of 33 and x?
3
Let c = -11 + 27. Suppose -c + 4 = -4*d. Suppose -y + d*y = 80. Calculate the highest common divisor of y and 16.
8
Suppose 5*n = n - 40. Let m be (-10 - 0)*n/25. Suppose 2*s + 66 = 2*v, v = -m*v - 4*s + 210. What is the greatest common factor of 19 and v?
19
Suppose -2*t = -n - 32, 0 = 2*t - 3*n - 6 - 26. Let w(s) = -4*s. Let p be w(-1). Suppose -p = z - t. What is the highest common divisor of 12 and z?
12
Suppose 2*u - 4*w + 56 = 6*u, 2*u - 3*w - 38 = 0. Let t = u - 4. Calculate the highest common divisor of 96 and t.
12
Suppose -5*w + 7 = k - 1, 4*k + 2*w = 14. Let m be (-8)/(-20) + 6/10. Calculate the highest common divisor of m and k.
1
Suppose -2*b + 14 = 4*w, -w + 2*w + 2*b = 2. Let a(p) = 3*p + 4. Let h be a(4). Calculate the highest common divisor of h and w.
4
Let k = 38 - 23. What is the highest common factor of k and 15?
15
Let w(t) = 8*t - 6. Let x be w(8). What is the highest common factor of x and 87?
29
Suppose -27*d + 528 = -16*d. What is the highest common factor of d and 24?
24
Let x(a) = 11*a**3 + 2*a - 3. Let h be x(3). Suppose -h = -5*v + 225. Calculate the greatest common factor of v and 21.
21
Let k be 5*4/40*20*2. Calculate the highest common divisor of 100 and k.
20
Let g be 0 + -4 + 1 - -17. Suppose 10 = -5*c - 2*b + 123, -c = -5*b - 1. What is the greatest common divisor of c and g?
7
Let y(c) = 2*c**2 - 16*c - 15. Let w be y(15). What is the highest common factor of w and 78?
39
Let o = -7 + 24. What is the greatest common factor of 17 and o?
17
Let a = 0 - -2. Let f(n) = 26*n - 3. Let g be f(a). Let b = -11 + 18. What is the greatest common factor of g and b?
7
Let j = -9 - -1. Let t be 72/3*(0 - j). What is the highest common divisor of t and 24?
24
Let d(v) = 23*v - 6*v - 3 + 7*v. Let g be d(5). Suppose z + g = 4*z. Calculate the greatest common divisor of z and 13.
13
Let r = 0 + 3. Suppose -5*h + 25 = 0, -2*d + 2*h = 4*h - 16. Calculate the highest common divisor of r and d.
3
Let i(y) = 2*y**2 - y. Let r be i(-2). Calculate the greatest common divisor of 20 and r.
10
Let j be 1 + -5 - (1 + 7/(-1)). Calculate the greatest common divisor of 3 and j.
1
Let r = 112 + -52. Let z = 3 - -7. What is the greatest common divisor of r and z?
10
Let r = 102 + -36. Suppose 5*h + b = r, 3*b - 8 = -2*h - 2*b. Let v be 63/(-12)*(-16)/6. Calculate the highest common factor of v and h.
14
Let d(v) = 15*v**2 + 2*v + 1. Let y be d(-1). Le